
Suppose -23*j - 75344 = -238690. What is the units digit of j?
2
Let b(r) = r**3 - 4*r**2 - 7*r + 6. Let j be b(5). Let l be (-7078)/(-24) + (-16)/(-192). What is the tens digit of 2/j - (3 + l/(-2))?
4
Suppose 0 = -5*n - 31*c + 28*c + 100025, 3*n - 2*c = 60015. What is the thousands digit of n?
0
Let i = -19508 - -30756. What is the thousands digit of i?
1
Let x be 0 + (0 - -3) - (-18 - -18). Suppose -v = -x*h + 1072, h - 360 = -v + 2*v. What is the units digit of h?
6
Suppose -v + 4*u + 2888 = -27, -2*u = -4. What is the hundreds digit of v?
9
Suppose -h + 0 + 1 = 0, -4*x - 4*h + 28 = 0. Let b be 14/x - (-6)/9. Suppose o - b*v = -28 + 86, 0 = -o + v + 62. What is the units digit of o?
4
Let a be ((-16)/(-4) + 333)/(2/10). Suppose -z - 613 + 191 = -o, 3*z = 4*o - a. What is the tens digit of o?
1
Let y = -2579 - -12661. What is the thousands digit of y?
0
Suppose -2*s + 804 = 2*s. Suppose 0 = 105*i - 108*i + s. What is the units digit of i?
7
Let a = -366 + 367. What is the units digit of a?
1
Let o be (-6)/(1 - (0 - -2)). Let y(j) = -4 - 6*j + j**2 + 12*j - 7*j + 3*j + 0*j**2. What is the units digit of y(o)?
4
Let o be 240/1 + (-1)/1. Let i = 994 - 655. Let m = i - o. What is the units digit of m?
0
Suppose 25*d + 6236 = 17111. Suppose 5*g - 2335 = d. What is the hundreds digit of g?
5
Let z = 64 - 37. Suppose -300 = z*a - 29*a. Suppose 9*v = 3*v + a. What is the units digit of v?
5
Let l be 5 + 3 - (8 + -5). Suppose l*r = -3*o + 1453, -r + 125 - 596 = -o. What is the tens digit of o?
7
Let z(k) = -28*k + 10. Let m be z(6). Let h = 312 + m. Suppose 2*s - h = -4*b, 0 = -s + 2*b - b + 86. What is the units digit of s?
3
Suppose 0*s - 18 = 6*s. Let b be (-3 - 0)*(s - (-566)/(-6)). Let a = -198 + b. What is the units digit of a?
4
Suppose 0 = -9*t + 12*t - 9. Suppose 4*f - 6419 = -3*l - 2247, 0 = t*l - 12. What is the thousands digit of f?
1
Let s = 45 - 41. Let c be (14 + -4)/(10/s). Suppose d = c*d - 159. What is the units digit of d?
3
Let t(g) be the second derivative of g**5/5 - 5*g**4/4 - 2*g**3/3 + 3*g**2/2 - g - 40. What is the tens digit of t(8)?
5
Suppose -5*o = 3*d + 97, 2*d + 0*d + 72 = 4*o. Let f = d - -26. Let p(x) = -9*x - 16. What is the units digit of p(f)?
6
Let j = 5 + 17. Let s be -3*5/5 - 4. What is the units digit of (2 - -5)/((s/j)/(-7))?
4
Let u(c) = c - 11. Let v be u(5). Let y be 5 + (-12)/4 + v. What is the tens digit of 1/4 + (-591)/y?
4
Let b(l) = 40*l - 176. Let g(s) = -s**2 - 9*s + 5. Let a be g(-5). What is the hundreds digit of b(a)?
8
Let s = 113 - 109. Suppose -s*r + 409 = -3*w - 953, -w = 3*r - 1015. What is the tens digit of r?
3
Suppose 28*t - 20*t - 24 = 0. Suppose 5*p = 25, -t*h - 7*p = -3*p + 4. What is the tens digit of (-78)/h*-24*(-2)/9?
5
Let a be 8/(-8)*5/(3/(-3)). Suppose 2*l + 0*k = -4*k + 208, -5*k = -a*l + 445. What is the tens digit of l?
9
Suppose 5 = 8*i - 19. Suppose -5*x - 79 = -19. What is the tens digit of (-9)/i*(2740/x)/5?
3
Suppose -6*d + 248 - 164 = 0. Suppose -5*l + 17*u + 6445 = d*u, l - 1289 = -4*u. What is the tens digit of l?
8
Suppose 9739 = 87*h - 33239. What is the tens digit of h?
9
Let d = -123 - -127. What is the units digit of 2/(d*1/536)?
8
Suppose v = -8*v + 144. Let l = 20 - v. Suppose m - 311 = -l*r - 0*r, 3*m = -15. What is the units digit of r?
9
Let g = 869 - 958. Suppose -5*s + 560 = 4*k - s, s = -5*k + 720. Let u = g + k. What is the tens digit of u?
5
Let i = -22105 - -50074. What is the hundreds digit of i?
9
Let x(d) = -162*d + 15. Let m be x(-7). What is the tens digit of m*((-10)/2)/(-15)?
8
Let g be 20046/(-104)*(-64)/6. Suppose g = -16*f + 14072. What is the hundreds digit of f?
7
Let d be (-20)/(-40)*(0 - -84). Suppose m - d = 5*q + 132, -8 = 2*q. What is the hundreds digit of m?
1
Let v(y) = -68*y - 27. Suppose r - w + 2 = 0, -2*w - 38 = 4*r - 0*w. Let x be v(r). Let f = x - 309. What is the tens digit of f?
4
Let h be (-5 + 18/4)*-478. Suppose d = -49 + h. What is the units digit of d?
0
Let d(v) = v**2 - 13*v - 60. Suppose 80 = 2*h - 7*h. What is the tens digit of d(h)?
0
Let k(p) = -p**2 - 14*p - 19. Suppose -1 = a + 3*g + 12, -2*g - 65 = 5*a. Let u be k(a). What is the tens digit of (-14)/(3/(-15) - u/(-70))?
4
Let c be 1144/14 + ((-4)/(-7))/2. Suppose -4*a + c = -250. Let r = a + 3. What is the tens digit of r?
8
Suppose -7*u + 9670 = -29*s + 30*s, -s + 9681 = -4*u. What is the thousands digit of s?
9
Suppose 9*r = r + 120. Let x be (r - (6 + -5))*1/2. Suppose 290 = x*v - 109. What is the tens digit of v?
5
Let t(v) = -219*v - 22. What is the thousands digit of t(-51)?
1
Let m be -3 - -3 - (-5 - -2). Let s be m - (7 + -1) - 21. Let l(d) = -2*d - 27. What is the units digit of l(s)?
1
What is the thousands digit of 21/((-147)/70) - -4 - -7161?
7
Let i = 36290 + -23793. What is the tens digit of i?
9
Let t be 27/(-2 - -11) + 7250. Suppose 5*u - 3*l = t, -u = 2*l + 2*l - 1446. What is the thousands digit of u?
1
Suppose -2*i + 0*i = 10, 4*p - 15 = -i. Suppose 392 = p*f - 7663. What is the thousands digit of f?
1
Suppose -83*o = -11*o + 8*o - 897200. What is the tens digit of o?
1
What is the ten thousands digit of (35/(-7) - -47)/(1*(-3)/(-1054))?
1
Let g be 2 - -6*4/12. Suppose 5*a = -2*m + 2500, g*m - 15 = 5. What is the hundreds digit of a?
4
Suppose -351452 = -8*x - 4*h, -103637 - 72080 = -4*x - h. What is the hundreds digit of x?
9
Let t = -28560 - -60169. What is the hundreds digit of t?
6
What is the ten thousands digit of (-28)/7*87016/(-32)?
1
Let c(z) = 2*z**2 - 14*z - 1. Let v be c(7). Let l be (-1)/(-7) + (-4405)/(-35). What is the hundreds digit of l/1 - (-1 + v)/2?
1
Suppose 3 - 7 = -2*v. Suppose v = -6*p + 14. Suppose 0 = p*z - 5*z + 162. What is the units digit of z?
4
Let x be (-3)/(-2) + 54/108. Suppose 0*g - 5*g + 2*n + 731 = 0, 3*n + 299 = x*g. What is the hundreds digit of g?
1
Suppose 5*z + y = 3653, 0*z - y - 2917 = -4*z. Suppose 71*f = 72*f - z. What is the units digit of f?
0
Let h = -72 - -101. Suppose 0 = -2*j + 5*q + 23, 3*j = -2*j + 3*q + h. Suppose 0 = k + n - 89, j*k + 0*n - 5*n = 320. What is the units digit of k?
5
Let i be (160/(-25))/((26/60)/13). Let u = i - -333. What is the tens digit of u?
4
What is the thousands digit of (-118)/((-18632)/1164 + 16)?
7
Suppose 93792 = 3876*d - 3868*d. What is the hundreds digit of d?
7
Suppose -3*i - 3 = 0, 5*y + 5*i + 23 = 8*y. What is the hundreds digit of 805 + (y - 9 - -7)?
8
Let w(h) = 59*h**2 - 6*h + 2. Let u be w(-13). Suppose 2*f + u = -q - 287, 3*f + 5*q = -15500. What is the units digit of (-12)/10*f/33?
8
Let c(u) = 8*u - 10. Let s be c(-5). Let q be 6*(-5)/s*-5. What is the tens digit of (-4)/(-6)*(-324)/q?
7
Suppose 17*u - 22*u + 73 = -4*i, -5*u + 67 = -i. Suppose -u*s + 11*s = z - 619, -5*z = -4*s - 3095. What is the units digit of z?
9
Let u = -4 - -4. Suppose u = -3*l + 4*a + 34, 2*a + 0*a + 26 = 3*l. What is the tens digit of (2/l)/((-3)/(-1593))?
7
Let h(o) = -o**3 - 5*o**2 - 8*o - 18. Suppose 3*w - 21 = 5*m, 0 = m + w + 2*w + 15. Let t be h(m). Let z = 37 + t. What is the units digit of z?
3
Suppose 43*w = 75 + 97. Suppose w*g - 5324 = -3*i, 5*i = -63*g + 62*g + 1331. What is the hundreds digit of g?
3
What is the hundreds digit of 1362/(3 - 84/(-18) - 7)?
0
Suppose -5*p - 3*f = -38 - 3, -3*f = 9. Suppose -h - 4*y - 8 = 0, 3*y + 2*y + p = 4*h. Suppose -57*i + 59*i - 392 = h. What is the hundreds digit of i?
1
Let k(i) = i**3 - i**2 + i + 4. Let f be k(0). Suppose 3*j + f = -5*u + 62, 4*j + 2*u - 54 = 0. Suppose 0 = 21*n - 20*n - j. What is the units digit of n?
1
Let c(x) = x**3 + 151*x**2 + 161*x + 175. What is the ten thousands digit of c(-148)?
4
Let q be (6 - 17)/((-1)/179). Suppose 4*f - 3*i - 2634 = 0, f + 2*f + i - q = 0. Suppose 0 = -3*l + 4*s + 401, s = -0*l + 5*l - f. What is the units digit of l?
1
Suppose 181*b = 1913655 + 2130808 + 2869375. What is the units digit of b?
8
Let g be 4/(-6) + (-5970)/(-45). Let b = g - 120. What is the hundreds digit of b/(-15)*1540/(-8)?
1
Let o be 4/(-18) - (-1)/9*11243. Suppose 5*k - 2386 = -2*p, 4*k + 4683 = 5*p - o. What is the units digit of p?
8
Suppose 9*w + 0 = 18. Suppose -4*o + w*o - 240 = 5*p, -3*o = p + 360. Let j = o + 136. What is the tens digit of j?
1
Let u be (-10)/15 + 56/12. Suppose 0 = 3*o + y